{"id":13963,"date":"2023-03-31T11:02:00","date_gmt":"2023-03-31T11:02:00","guid":{"rendered":"https:\/\/vrfp.es\/simuladores\/auxiliar-de-enfermeria-tecnicas-basicas-i\/"},"modified":"2026-03-26T09:30:11","modified_gmt":"2026-03-26T09:30:11","slug":"aide-soignant-techniques-de-base-1","status":"publish","type":"simuladores","link":"https:\/\/vrfp.es\/fr\/simulateurs\/aide-soignant-techniques-de-base-1\/","title":{"rendered":"Aide-Soignant \/ Soins de Sant\u00e9 Sociaux : Techniques de Base (I)"},"content":{"rendered":"\n<h3 class=\"wp-block-heading\">DESCRIPTION<\/h3>\n\n\n\n<p>Simulateur de formation visant \u00e0 d\u00e9velopper les comp\u00e9tences professionnelles dans le domaine des soins sociaux et de sant\u00e9. Gr\u00e2ce \u00e0 des environnements virtuels r\u00e9alistes, il permet d&rsquo;exercer les comp\u00e9tences techniques, proc\u00e9durales et relationnelles dans le domaine de la prise en charge compl\u00e8te de la personne.<\/p>\n\n\n\n<div style=\"height:10px\" aria-hidden=\"true\" class=\"wp-block-spacer\"><\/div>\n\n\n\n<h3 class=\"wp-block-heading\">OBJECTIF<\/h3>\n\n\n\n<p>Former les \u00e9tudiants \u00e0 fournir une prise en charge s\u00fbre, efficace et centr\u00e9e sur la personne, en renfor\u00e7ant la qualit\u00e9 des soins, la responsabilit\u00e9 professionnelle et l&rsquo;engagement \u00e9thique.<\/p>\n\n\n\n<div style=\"height:10px\" aria-hidden=\"true\" class=\"wp-block-spacer\"><\/div>\n\n\n\n<h3 class=\"wp-block-heading\">ACTIVIT\u00c9S<\/h3>\n\n\n\n<ul class=\"wp-block-list\">\n<li><strong>Prise des signes vitaux dans diff\u00e9rents cas cliniques :<\/strong> Temp\u00e9rature, pression art\u00e9rielle, saturation en oxyg\u00e8ne, fr\u00e9quence cardiaque et respiratoire, auscultation, glucose, spirom\u00e9trie, pouls p\u00e9riph\u00e9riques\u2026<\/li>\n<\/ul>\n\n\n\n<div style=\"height:10px\" aria-hidden=\"true\" class=\"wp-block-spacer\"><\/div>\n\n\n\n<ul class=\"wp-block-list\">\n<li><strong>Mobilisation et transferts<\/strong> de patients alit\u00e9s ou \u00e0 mobilit\u00e9 r\u00e9duite effectu\u00e9s par un ou deux techniciens et selon des crit\u00e8res d&rsquo;ergonomie, de s\u00e9curit\u00e9 et de confort.\n<ul class=\"wp-block-list\">\n<li>Changements posturaux au lit.<\/li>\n\n\n\n<li>Aide \u00e0 la verticalisation.<\/li>\n\n\n\n<li>D\u00e9placements vers la t\u00eate du lit.<\/li>\n\n\n\n<li>Transferts du lit au fauteuil et de brancard \u00e0 brancard.<\/li>\n<\/ul>\n<\/li>\n<\/ul>\n\n\n\n<div style=\"height:10px\" aria-hidden=\"true\" class=\"wp-block-spacer\"><\/div>\n\n\n\n<ul class=\"wp-block-list\">\n<li><strong>Pr\u00e9vention, \u00e9valuation et traitement des escarres<\/strong>, en suivant des protocoles cliniques standardis\u00e9s. Cela permet d&rsquo;identifier le degr\u00e9 de l\u00e9sion et le traitement correspondant des escarres de stade I, II, III et IV.<\/li>\n<\/ul>\n\n\n\n<div style=\"height:10px\" aria-hidden=\"true\" class=\"wp-block-spacer\"><\/div>\n\n\n\n<ul class=\"wp-block-list\">\n<li><strong>Promotion de la sant\u00e9 et soutien psychologique au patient<\/strong>, en renfor\u00e7ant l&#8217;empathie, l&rsquo;\u00e9coute active et l&rsquo;accompagnement psychologique.\n<ul class=\"wp-block-list\">\n<li>Cas de peur, d&rsquo;agressivit\u00e9, de chagrin et d&rsquo;affirmation de soi.<\/li>\n\n\n\n<li>Cas d&rsquo;un patient en phase terminale \u00e0 cause d&rsquo;une N\u00e9oplasie.<\/li>\n<\/ul>\n<\/li>\n<\/ul>\n","protected":false},"featured_media":17204,"template":"","familias-profesionales":[],"class_list":["post-13963","simuladores","type-simuladores","status-publish","has-post-thumbnail","hentry"],"_links":{"self":[{"href":"https:\/\/vrfp.es\/fr\/wp-json\/wp\/v2\/simuladores\/13963","targetHints":{"allow":["GET"]}}],"collection":[{"href":"https:\/\/vrfp.es\/fr\/wp-json\/wp\/v2\/simuladores"}],"about":[{"href":"https:\/\/vrfp.es\/fr\/wp-json\/wp\/v2\/types\/simuladores"}],"version-history":[{"count":10,"href":"https:\/\/vrfp.es\/fr\/wp-json\/wp\/v2\/simuladores\/13963\/revisions"}],"predecessor-version":[{"id":18446,"href":"https:\/\/vrfp.es\/fr\/wp-json\/wp\/v2\/simuladores\/13963\/revisions\/18446"}],"wp:featuredmedia":[{"embeddable":true,"href":"https:\/\/vrfp.es\/fr\/wp-json\/wp\/v2\/media\/17204"}],"wp:attachment":[{"href":"https:\/\/vrfp.es\/fr\/wp-json\/wp\/v2\/media?parent=13963"}],"wp:term":[{"taxonomy":"familias-profesionales","embeddable":true,"href":"https:\/\/vrfp.es\/fr\/wp-json\/wp\/v2\/familias-profesionales?post=13963"}],"curies":[{"name":"wp","href":"https:\/\/api.w.org\/{rel}","templated":true}]}}

Aide-Soignant / Soins de Santé Sociaux : Techniques de Base (I)

<h3 class="wp-block-heading">DESCRIPTION</h3>



<p>Simulateur de formation visant à développer les compétences professionnelles dans le domaine des soins sociaux et de santé. Grâce à des environnements virtuels réalistes, il permet d&rsquo;exercer les compétences techniques, procédurales et relationnelles dans le domaine de la prise en charge complète de la personne.</p>



<div style="height:10px" aria-hidden="true" class="wp-block-spacer"></div>



<h3 class="wp-block-heading">OBJECTIF</h3>



<p>Former les étudiants à fournir une prise en charge sûre, efficace et centrée sur la personne, en renforçant la qualité des soins, la responsabilité professionnelle et l&rsquo;engagement éthique.</p>



<div style="height:10px" aria-hidden="true" class="wp-block-spacer"></div>



<h3 class="wp-block-heading">ACTIVITÉS</h3>



<ul class="wp-block-list">
<li><strong>Prise des signes vitaux dans différents cas cliniques :</strong> Température, pression artérielle, saturation en oxygène, fréquence cardiaque et respiratoire, auscultation, glucose, spirométrie, pouls périphériques…</li>
</ul>



<div style="height:10px" aria-hidden="true" class="wp-block-spacer"></div>



<ul class="wp-block-list">
<li><strong>Mobilisation et transferts</strong> de patients alités ou à mobilité réduite effectués par un ou deux techniciens et selon des critères d&rsquo;ergonomie, de sécurité et de confort.
<ul class="wp-block-list">
<li>Changements posturaux au lit.</li>



<li>Aide à la verticalisation.</li>



<li>Déplacements vers la tête du lit.</li>



<li>Transferts du lit au fauteuil et de brancard à brancard.</li>
</ul>
</li>
</ul>



<div style="height:10px" aria-hidden="true" class="wp-block-spacer"></div>



<ul class="wp-block-list">
<li><strong>Prévention, évaluation et traitement des escarres</strong>, en suivant des protocoles cliniques standardisés. Cela permet d&rsquo;identifier le degré de lésion et le traitement correspondant des escarres de stade I, II, III et IV.</li>
</ul>



<div style="height:10px" aria-hidden="true" class="wp-block-spacer"></div>



<ul class="wp-block-list">
<li><strong>Promotion de la santé et soutien psychologique au patient</strong>, en renforçant l&#8217;empathie, l&rsquo;écoute active et l&rsquo;accompagnement psychologique.
<ul class="wp-block-list">
<li>Cas de peur, d&rsquo;agressivité, de chagrin et d&rsquo;affirmation de soi.</li>



<li>Cas d&rsquo;un patient en phase terminale à cause d&rsquo;une Néoplasie.</li>
</ul>
</li>
</ul>
