{"id":12543,"date":"2025-02-20T16:00:07","date_gmt":"2025-02-20T16:00:07","guid":{"rendered":"https:\/\/vrfp.es\/simuladores\/igualdade-no-trabalho\/"},"modified":"2026-01-19T07:39:03","modified_gmt":"2026-01-19T07:39:03","slug":"igualdade-no-trabalho","status":"publish","type":"simuladores","link":"https:\/\/vrfp.es\/pt-pt\/simuladores\/igualdade-no-trabalho\/","title":{"rendered":"Igualdade no Trabalho"},"content":{"rendered":"\n<h3 class=\"wp-block-heading\">DESCRI\u00c7\u00c3O<\/h3>\n\n\n\n<p>O simulador permite-nos vivenciar em primeira m\u00e3o as situa\u00e7\u00f5es de discrimina\u00e7\u00e3o com base no g\u00e9nero, idade e ra\u00e7a sofridas por uma mulher afrodescendente de 45 anos, com uma s\u00f3lida forma\u00e7\u00e3o acad\u00e9mica e profissional, que aspira a um cargo de gest\u00e3o numa empresa tecnol\u00f3gica. Al\u00e9m disso, existe a possibilidade de viver a experi\u00eancia de uma perspetiva externa, permitindo uma an\u00e1lise mais detalhada dos preconceitos e micro-agress\u00f5es que afectam a personagem. <\/p>\n\n\n\n<div style=\"height:10px\" aria-hidden=\"true\" class=\"wp-block-spacer\"><\/div>\n\n\n\n<h3 class=\"wp-block-heading\">OBJETIVO<\/h3>\n\n\n\n<p>Fomentar a empatia e a sensibiliza\u00e7\u00e3o para a din\u00e2mica da discrimina\u00e7\u00e3o no local de trabalho, sensibilizando os alunos para a import\u00e2ncia da diversidade, da inclus\u00e3o e da equidade nos ambientes empresariais.<\/p>\n\n\n\n<div style=\"height:10px\" aria-hidden=\"true\" class=\"wp-block-spacer\"><\/div>\n\n\n\n<h3 class=\"wp-block-heading\">ATIVIDADES<\/h3>\n\n\n\n<p>Atrav\u00e9s das diferentes cenas oferecidas pelo simulador, os alunos podem refletir e interiorizar os comportamentos que devem ser tidos em conta num ambiente de trabalho igualit\u00e1rio.<\/p>\n\n\n\n<div style=\"height:10px\" aria-hidden=\"true\" class=\"wp-block-spacer\"><\/div>\n\n\n\n<ul class=\"wp-block-list\">\n<li><strong>Empatia e consciencializa\u00e7\u00e3o:<\/strong>\n<ul class=\"wp-block-list\">\n<li>Identifica\u00e7\u00e3o de situa\u00e7\u00f5es de discrimina\u00e7\u00e3o e microagress\u00f5es no local de trabalho.<\/li>\n\n\n\n<li>Compreens\u00e3o do modo como os preconceitos e os estere\u00f3tipos afectam as pessoas que desempenham fun\u00e7\u00f5es profissionais.<\/li>\n<\/ul>\n<\/li>\n<\/ul>\n\n\n\n<div style=\"height:10px\" aria-hidden=\"true\" class=\"wp-block-spacer\"><\/div>\n\n\n\n<ul class=\"wp-block-list\">\n<li><strong>Consci\u00eancia da diversidade e da inclus\u00e3o:<\/strong>\n<ul class=\"wp-block-list\">\n<li>Reconhecimento de preconceitos impl\u00edcitos e do seu impacto na tomada de decis\u00f5es.<\/li>\n\n\n\n<li>Reflex\u00e3o sobre a import\u00e2ncia da igualdade de oportunidades e a integra\u00e7\u00e3o de perspectivas diversas no ambiente de trabalho.<\/li>\n<\/ul>\n<\/li>\n<\/ul>\n\n\n\n<div style=\"height:10px\" aria-hidden=\"true\" class=\"wp-block-spacer\"><\/div>\n\n\n\n<ul class=\"wp-block-list\">\n<li><strong>Resolu\u00e7\u00e3o de conflitos e gest\u00e3o de emo\u00e7\u00f5es:<\/strong>\n<ul class=\"wp-block-list\">\n<li>Gest\u00e3o das emo\u00e7\u00f5es em situa\u00e7\u00f5es de discrimina\u00e7\u00e3o.<\/li>\n\n\n\n<li>Desenvolvimento de estrat\u00e9gias para responder assertivamente a coment\u00e1rios ou ac\u00e7\u00f5es baseadas em preconceitos.<\/li>\n<\/ul>\n<\/li>\n<\/ul>\n\n\n\n<div style=\"height:10px\" aria-hidden=\"true\" class=\"wp-block-spacer\"><\/div>\n\n\n\n<ul class=\"wp-block-list\">\n<li><strong>An\u00e1lise cr\u00edtica e reflex\u00e3o pessoal:<\/strong>\n<ul class=\"wp-block-list\">\n<li>Avalia\u00e7\u00e3o das pr\u00f3prias atitudes e da sua contribui\u00e7\u00e3o para um ambiente de trabalho inclusivo.<\/li>\n\n\n\n<li>Observa\u00e7\u00e3o objetiva de din\u00e2micas sociais de um ponto de vista externo.<\/li>\n<\/ul>\n<\/li>\n<\/ul>\n","protected":false},"featured_media":11891,"template":"","familias-profesionales":[],"class_list":["post-12543","simuladores","type-simuladores","status-publish","has-post-thumbnail","hentry"],"_links":{"self":[{"href":"https:\/\/vrfp.es\/pt-pt\/wp-json\/wp\/v2\/simuladores\/12543","targetHints":{"allow":["GET"]}}],"collection":[{"href":"https:\/\/vrfp.es\/pt-pt\/wp-json\/wp\/v2\/simuladores"}],"about":[{"href":"https:\/\/vrfp.es\/pt-pt\/wp-json\/wp\/v2\/types\/simuladores"}],"version-history":[{"count":6,"href":"https:\/\/vrfp.es\/pt-pt\/wp-json\/wp\/v2\/simuladores\/12543\/revisions"}],"predecessor-version":[{"id":15967,"href":"https:\/\/vrfp.es\/pt-pt\/wp-json\/wp\/v2\/simuladores\/12543\/revisions\/15967"}],"wp:featuredmedia":[{"embeddable":true,"href":"https:\/\/vrfp.es\/pt-pt\/wp-json\/wp\/v2\/media\/11891"}],"wp:attachment":[{"href":"https:\/\/vrfp.es\/pt-pt\/wp-json\/wp\/v2\/media?parent=12543"}],"wp:term":[{"taxonomy":"familias-profesionales","embeddable":true,"href":"https:\/\/vrfp.es\/pt-pt\/wp-json\/wp\/v2\/familias-profesionales?post=12543"}],"curies":[{"name":"wp","href":"https:\/\/api.w.org\/{rel}","templated":true}]}}

<h3 class="wp-block-heading">DESCRIÇÃO</h3>



<p>O simulador permite-nos vivenciar em primeira mão as situações de discriminação com base no género, idade e raça sofridas por uma mulher afrodescendente de 45 anos, com uma sólida formação académica e profissional, que aspira a um cargo de gestão numa empresa tecnológica. Além disso, existe a possibilidade de viver a experiência de uma perspetiva externa, permitindo uma análise mais detalhada dos preconceitos e micro-agressões que afectam a personagem. </p>



<div style="height:10px" aria-hidden="true" class="wp-block-spacer"></div>



<h3 class="wp-block-heading">OBJETIVO</h3>



<p>Fomentar a empatia e a sensibilização para a dinâmica da discriminação no local de trabalho, sensibilizando os alunos para a importância da diversidade, da inclusão e da equidade nos ambientes empresariais.</p>



<div style="height:10px" aria-hidden="true" class="wp-block-spacer"></div>



<h3 class="wp-block-heading">ATIVIDADES</h3>



<p>Através das diferentes cenas oferecidas pelo simulador, os alunos podem refletir e interiorizar os comportamentos que devem ser tidos em conta num ambiente de trabalho igualitário.</p>



<div style="height:10px" aria-hidden="true" class="wp-block-spacer"></div>



<ul class="wp-block-list">
<li><strong>Empatia e consciencialização:</strong>
<ul class="wp-block-list">
<li>Identificação de situações de discriminação e microagressões no local de trabalho.</li>



<li>Compreensão do modo como os preconceitos e os estereótipos afectam as pessoas que desempenham funções profissionais.</li>
</ul>
</li>
</ul>



<div style="height:10px" aria-hidden="true" class="wp-block-spacer"></div>



<ul class="wp-block-list">
<li><strong>Consciência da diversidade e da inclusão:</strong>
<ul class="wp-block-list">
<li>Reconhecimento de preconceitos implícitos e do seu impacto na tomada de decisões.</li>



<li>Reflexão sobre a importância da igualdade de oportunidades e a integração de perspectivas diversas no ambiente de trabalho.</li>
</ul>
</li>
</ul>



<div style="height:10px" aria-hidden="true" class="wp-block-spacer"></div>



<ul class="wp-block-list">
<li><strong>Resolução de conflitos e gestão de emoções:</strong>
<ul class="wp-block-list">
<li>Gestão das emoções em situações de discriminação.</li>



<li>Desenvolvimento de estratégias para responder assertivamente a comentários ou acções baseadas em preconceitos.</li>
</ul>
</li>
</ul>



<div style="height:10px" aria-hidden="true" class="wp-block-spacer"></div>



<ul class="wp-block-list">
<li><strong>Análise crítica e reflexão pessoal:</strong>
<ul class="wp-block-list">
<li>Avaliação das próprias atitudes e da sua contribuição para um ambiente de trabalho inclusivo.</li>



<li>Observação objetiva de dinâmicas sociais de um ponto de vista externo.</li>
</ul>
</li>
</ul>
