{"id":12683,"date":"2024-07-08T08:36:15","date_gmt":"2024-07-08T08:36:15","guid":{"rendered":"https:\/\/vrfp.es\/simuladores\/imagen-para-el-diagnostico\/"},"modified":"2025-06-25T08:07:18","modified_gmt":"2025-06-25T08:07:18","slug":"diagnostico-por-imagem","status":"publish","type":"simuladores","link":"https:\/\/vrfp.es\/pt-pt\/simuladores\/diagnostico-por-imagem\/","title":{"rendered":"Diagn\u00f3stico por Imagem"},"content":{"rendered":"\n<h3 class=\"wp-block-heading\">DESCRI\u00c7\u00c3O<\/h3>\n\n\n\n<p>Este simulador destina-se a formar os estudantes no processo a realizar para a realiza\u00e7\u00e3o de radiografias, tomografias computorizadas e resson\u00e2ncias magn\u00e9ticas.<\/p>\n\n\n\n<div style=\"height:10px\" aria-hidden=\"true\" class=\"wp-block-spacer\"><\/div>\n\n\n\n<h3 class=\"wp-block-heading\">OBJETIVO<\/h3>\n\n\n\n<p>Facilitar a pr\u00e1tica dos procedimentos a realizar para a realiza\u00e7\u00e3o de diferentes testes de diagn\u00f3stico, evitando o custo de equipamento real e eliminando o fator de risco.<\/p>\n\n\n\n<div style=\"height:10px\" aria-hidden=\"true\" class=\"wp-block-spacer\"><\/div>\n\n\n\n<h3 class=\"wp-block-heading\">ATIVIDADES<\/h3>\n\n\n\n<ul class=\"wp-block-list\">\n<li><strong>Radiograf\u00edas:<\/strong>\n<ul class=\"wp-block-list\">\n<li>Rece\u00e7\u00e3o e valida\u00e7\u00e3o do paciente atrav\u00e9s de documenta\u00e7\u00e3o e formul\u00e1rios.<\/li>\n\n\n\n<li>As radiografias s\u00e3o efectuadas na mesa e na parede.<\/li>\n\n\n\n<li>Posicionamento exato em fun\u00e7\u00e3o da zona a estudar.<\/li>\n\n\n\n<li>Alinhamento do tubo de raios X e regula\u00e7\u00e3o dos par\u00e2metros.<\/li>\n\n\n\n<li>Adquisici\u00f3n de las im\u00e1genes desde la sala de consolas.<\/li>\n<\/ul>\n<\/li>\n<\/ul>\n\n\n\n<div style=\"height:10px\" aria-hidden=\"true\" class=\"wp-block-spacer\"><\/div>\n\n\n\n<ul class=\"wp-block-list\">\n<li><strong>Digitaliza\u00e7\u00e3o por tomografia computorizada:<\/strong>\n<ul class=\"wp-block-list\">\n<li>Rece\u00e7\u00e3o e valida\u00e7\u00e3o do paciente atrav\u00e9s de documenta\u00e7\u00e3o e formul\u00e1rios.<\/li>\n\n\n\n<li>Prepara\u00e7\u00e3o e posicionamento do paciente na mesa.<\/li>\n\n\n\n<li>Alinhamento do paciente por laser.<\/li>\n\n\n\n<li>Sele\u00e7\u00e3o e configura\u00e7\u00e3o do protocolo adequado.<\/li>\n\n\n\n<li>Reposit\u00f3rio de imagens m\u00e9dicas e possibilidade de realizar diferentes exerc\u00edcios em cada execu\u00e7\u00e3o.<\/li>\n<\/ul>\n<\/li>\n<\/ul>\n\n\n\n<div style=\"height:10px\" aria-hidden=\"true\" class=\"wp-block-spacer\"><\/div>\n\n\n\n<ul class=\"wp-block-list\">\n<li><strong>Resson\u00e2ncia Magn\u00e9tica:<\/strong>\n<ul class=\"wp-block-list\">\n<li>Rece\u00e7\u00e3o e valida\u00e7\u00e3o do paciente atrav\u00e9s de documenta\u00e7\u00e3o e formul\u00e1rios.<\/li>\n\n\n\n<li>Aplica\u00e7\u00e3o do protocolo desde a prepara\u00e7\u00e3o do paciente at\u00e9 \u00e0 configura\u00e7\u00e3o do equipamento.<\/li>\n\n\n\n<li>Sele\u00e7\u00e3o de par\u00e2metros de acordo com a localiza\u00e7\u00e3o anat\u00f3mica.<\/li>\n\n\n\n<li>Simula\u00e7\u00e3o de diferentes casos cl\u00ednicos com pacientes de diferentes idades, pesos e condi\u00e7\u00f5es.<\/li>\n<\/ul>\n<\/li>\n<\/ul>\n","protected":false},"featured_media":10154,"template":"","familias-profesionales":[],"class_list":["post-12683","simuladores","type-simuladores","status-publish","has-post-thumbnail","hentry"],"_links":{"self":[{"href":"https:\/\/vrfp.es\/pt-pt\/wp-json\/wp\/v2\/simuladores\/12683","targetHints":{"allow":["GET"]}}],"collection":[{"href":"https:\/\/vrfp.es\/pt-pt\/wp-json\/wp\/v2\/simuladores"}],"about":[{"href":"https:\/\/vrfp.es\/pt-pt\/wp-json\/wp\/v2\/types\/simuladores"}],"version-history":[{"count":5,"href":"https:\/\/vrfp.es\/pt-pt\/wp-json\/wp\/v2\/simuladores\/12683\/revisions"}],"predecessor-version":[{"id":15921,"href":"https:\/\/vrfp.es\/pt-pt\/wp-json\/wp\/v2\/simuladores\/12683\/revisions\/15921"}],"wp:featuredmedia":[{"embeddable":true,"href":"https:\/\/vrfp.es\/pt-pt\/wp-json\/wp\/v2\/media\/10154"}],"wp:attachment":[{"href":"https:\/\/vrfp.es\/pt-pt\/wp-json\/wp\/v2\/media?parent=12683"}],"wp:term":[{"taxonomy":"familias-profesionales","embeddable":true,"href":"https:\/\/vrfp.es\/pt-pt\/wp-json\/wp\/v2\/familias-profesionales?post=12683"}],"curies":[{"name":"wp","href":"https:\/\/api.w.org\/{rel}","templated":true}]}}

Diagnóstico por Imagem

<h3 class="wp-block-heading">DESCRIÇÃO</h3>



<p>Este simulador destina-se a formar os estudantes no processo a realizar para a realização de radiografias, tomografias computorizadas e ressonâncias magnéticas.</p>



<div style="height:10px" aria-hidden="true" class="wp-block-spacer"></div>



<h3 class="wp-block-heading">OBJETIVO</h3>



<p>Facilitar a prática dos procedimentos a realizar para a realização de diferentes testes de diagnóstico, evitando o custo de equipamento real e eliminando o fator de risco.</p>



<div style="height:10px" aria-hidden="true" class="wp-block-spacer"></div>



<h3 class="wp-block-heading">ATIVIDADES</h3>



<ul class="wp-block-list">
<li><strong>Radiografías:</strong>
<ul class="wp-block-list">
<li>Receção e validação do paciente através de documentação e formulários.</li>



<li>As radiografias são efectuadas na mesa e na parede.</li>



<li>Posicionamento exato em função da zona a estudar.</li>



<li>Alinhamento do tubo de raios X e regulação dos parâmetros.</li>



<li>Adquisición de las imágenes desde la sala de consolas.</li>
</ul>
</li>
</ul>



<div style="height:10px" aria-hidden="true" class="wp-block-spacer"></div>



<ul class="wp-block-list">
<li><strong>Digitalização por tomografia computorizada:</strong>
<ul class="wp-block-list">
<li>Receção e validação do paciente através de documentação e formulários.</li>



<li>Preparação e posicionamento do paciente na mesa.</li>



<li>Alinhamento do paciente por laser.</li>



<li>Seleção e configuração do protocolo adequado.</li>



<li>Repositório de imagens médicas e possibilidade de realizar diferentes exercícios em cada execução.</li>
</ul>
</li>
</ul>



<div style="height:10px" aria-hidden="true" class="wp-block-spacer"></div>



<ul class="wp-block-list">
<li><strong>Ressonância Magnética:</strong>
<ul class="wp-block-list">
<li>Receção e validação do paciente através de documentação e formulários.</li>



<li>Aplicação do protocolo desde a preparação do paciente até à configuração do equipamento.</li>



<li>Seleção de parâmetros de acordo com a localização anatómica.</li>



<li>Simulação de diferentes casos clínicos com pacientes de diferentes idades, pesos e condições.</li>
</ul>
</li>
</ul>
