{"id":12761,"date":"2023-03-31T08:10:25","date_gmt":"2023-03-31T08:10:25","guid":{"rendered":"https:\/\/vrfp.es\/simuladores\/auxiliar-de-enfermeria-cuidado-infantil\/"},"modified":"2025-06-25T08:03:00","modified_gmt":"2025-06-25T08:03:00","slug":"auxiliar-de-enfermagem-cuidados-infantis","status":"publish","type":"simuladores","link":"https:\/\/vrfp.es\/pt-pt\/simuladores\/auxiliar-de-enfermagem-cuidados-infantis\/","title":{"rendered":"Auxiliar de Enfermagem \u00b7 Cuidados Infantis"},"content":{"rendered":"\n<h3 class=\"wp-block-heading\">DESCRI\u00c7\u00c3O<\/h3>\n\n\n\n<p>Simulador concebido para a forma\u00e7\u00e3o de auxiliares de enfermagem especializados em pacientes com menos de um ano de idade, que permite a pr\u00e1tica de t\u00e9cnicas dif\u00edceis de realizar em ambiente educativo, como os cuidados a um rec\u00e9m-nascido e a vacina\u00e7\u00e3o infantil.<\/p>\n\n\n\n<div style=\"height:10px\" aria-hidden=\"true\" class=\"wp-block-spacer\"><\/div>\n\n\n\n<h3 class=\"wp-block-heading\">OBJETIVO<\/h3>\n\n\n\n<p>Ensinar, de forma realista, os procedimentos e as boas pr\u00e1ticas de um auxiliar de enfermagem nos cuidados a beb\u00e9s com menos de um ano de idade.<\/p>\n\n\n\n<div style=\"height:10px\" aria-hidden=\"true\" class=\"wp-block-spacer\"><\/div>\n\n\n\n<h3 class=\"wp-block-heading\">ATIVIDADES<\/h3>\n\n\n\n<ul class=\"wp-block-list\">\n<li><strong>Cuidados com um rec\u00e9m-nascido:<\/strong>\n<ul class=\"wp-block-list\">\n<li><strong>Escolha de produtos de higiene <\/strong>espec\u00edficos para estes pacientes.<\/li>\n\n\n\n<li><strong>Higiene e cuidados com o rec\u00e9m-nascido,<\/strong> tendo em conta t\u00e9cnicas seguras.<\/li>\n\n\n\n<li>Procedimentos de limpeza e cuidados com o <strong>cord\u00e3o umbilical.<\/strong><\/li>\n\n\n\n<li><strong>Educa\u00e7\u00e3o para a sa\u00fade no p\u00f3s-parto. <\/strong>Inclui aspectos como a recupera\u00e7\u00e3o p\u00f3s-parto, apoio ao aleitamento materno e orienta\u00e7\u00e3o sobre aleitamento artificial, cria\u00e7\u00e3o de um ambiente seguro para o rec\u00e9m-nascido, etc<\/li>\n<\/ul>\n<\/li>\n<\/ul>\n\n\n\n<div style=\"height:10px\" aria-hidden=\"true\" class=\"wp-block-spacer\"><\/div>\n\n\n\n<ul class=\"wp-block-list\">\n<li><strong>Vacina\u00e7\u00e3o infantil:<\/strong> O aluno deve administrar a <strong>vacina hexavalente (Infanrix) <\/strong>e a <strong>vacina Pneumoc\u00f3cica (Prevenar 13) <\/strong>a uma crian\u00e7a de onze meses seguindo o protocolo completo:\n<ul class=\"wp-block-list\">\n<li><strong>Verifica\u00e7\u00e3o do estado da vacina: <\/strong>prazo de validade, conserva\u00e7\u00e3o adequada e tipo de vacina.<\/li>\n\n\n\n<li><strong>Prepara\u00e7\u00e3o do material<\/strong> necesario para la aplicaci\u00f3n.<\/li>\n\n\n\n<li><strong>T\u00e9cnica de administra\u00e7\u00e3o<\/strong> intramuscular o subcut\u00e1nea seg\u00fan corresponda.<\/li>\n\n\n\n<li><strong>Manejo das rea\u00e7\u00f5es adversas<\/strong> leves e orienta\u00e7\u00e3o aos pais sobre os cuidados p\u00f3s-vacina\u00e7\u00e3o.<\/li>\n<\/ul>\n<\/li>\n<\/ul>\n","protected":false},"featured_media":10808,"template":"","familias-profesionales":[],"class_list":["post-12761","simuladores","type-simuladores","status-publish","has-post-thumbnail","hentry"],"_links":{"self":[{"href":"https:\/\/vrfp.es\/pt-pt\/wp-json\/wp\/v2\/simuladores\/12761","targetHints":{"allow":["GET"]}}],"collection":[{"href":"https:\/\/vrfp.es\/pt-pt\/wp-json\/wp\/v2\/simuladores"}],"about":[{"href":"https:\/\/vrfp.es\/pt-pt\/wp-json\/wp\/v2\/types\/simuladores"}],"version-history":[{"count":7,"href":"https:\/\/vrfp.es\/pt-pt\/wp-json\/wp\/v2\/simuladores\/12761\/revisions"}],"predecessor-version":[{"id":15911,"href":"https:\/\/vrfp.es\/pt-pt\/wp-json\/wp\/v2\/simuladores\/12761\/revisions\/15911"}],"wp:featuredmedia":[{"embeddable":true,"href":"https:\/\/vrfp.es\/pt-pt\/wp-json\/wp\/v2\/media\/10808"}],"wp:attachment":[{"href":"https:\/\/vrfp.es\/pt-pt\/wp-json\/wp\/v2\/media?parent=12761"}],"wp:term":[{"taxonomy":"familias-profesionales","embeddable":true,"href":"https:\/\/vrfp.es\/pt-pt\/wp-json\/wp\/v2\/familias-profesionales?post=12761"}],"curies":[{"name":"wp","href":"https:\/\/api.w.org\/{rel}","templated":true}]}}

<h3 class="wp-block-heading">DESCRIÇÃO</h3>



<p>Simulador concebido para a formação de auxiliares de enfermagem especializados em pacientes com menos de um ano de idade, que permite a prática de técnicas difíceis de realizar em ambiente educativo, como os cuidados a um recém-nascido e a vacinação infantil.</p>



<div style="height:10px" aria-hidden="true" class="wp-block-spacer"></div>



<h3 class="wp-block-heading">OBJETIVO</h3>



<p>Ensinar, de forma realista, os procedimentos e as boas práticas de um auxiliar de enfermagem nos cuidados a bebés com menos de um ano de idade.</p>



<div style="height:10px" aria-hidden="true" class="wp-block-spacer"></div>



<h3 class="wp-block-heading">ATIVIDADES</h3>



<ul class="wp-block-list">
<li><strong>Cuidados com um recém-nascido:</strong>
<ul class="wp-block-list">
<li><strong>Escolha de produtos de higiene </strong>específicos para estes pacientes.</li>



<li><strong>Higiene e cuidados com o recém-nascido,</strong> tendo em conta técnicas seguras.</li>



<li>Procedimentos de limpeza e cuidados com o <strong>cordão umbilical.</strong></li>



<li><strong>Educação para a saúde no pós-parto. </strong>Inclui aspectos como a recuperação pós-parto, apoio ao aleitamento materno e orientação sobre aleitamento artificial, criação de um ambiente seguro para o recém-nascido, etc</li>
</ul>
</li>
</ul>



<div style="height:10px" aria-hidden="true" class="wp-block-spacer"></div>



<ul class="wp-block-list">
<li><strong>Vacinação infantil:</strong> O aluno deve administrar a <strong>vacina hexavalente (Infanrix) </strong>e a <strong>vacina Pneumocócica (Prevenar 13) </strong>a uma criança de onze meses seguindo o protocolo completo:
<ul class="wp-block-list">
<li><strong>Verificação do estado da vacina: </strong>prazo de validade, conservação adequada e tipo de vacina.</li>



<li><strong>Preparação do material</strong> necesario para la aplicación.</li>



<li><strong>Técnica de administração</strong> intramuscular o subcutánea según corresponda.</li>



<li><strong>Manejo das reações adversas</strong> leves e orientação aos pais sobre os cuidados pós-vacinação.</li>
</ul>
</li>
</ul>
